34
Calculate the remainder when 3986749 is divided by 809.
806
What is the remainder when 4745 is divided by 4735?
10
Calculate the remainder when 55923 is divided by 15.
3
What is the remainder when 67373 is divided by 3208?
5
What is the remainder when 4497 is divided by 1168?
993
What is the remainder when 5532 is divided by 5117?
415
Calculate the remainder when 16903 is divided by 384.
7
Calculate the remainder when 13876 is divided by 11.
5
What is the remainder when 22652 is divided by 151?
2
What is the remainder when 4762 is divided by 29?
6
Calculate the remainder when 24785 is divided by 50.
35
What is the remainder when 4082 is divided by 3789?
293
What is the remainder when 103106 is divided by 21?
17
What is the remainder when 5403 is divided by 66?
57
Calculate the remainder when 122568 is divided by 119.
117
What is the remainder when 458 is divided by 35?
3
What is the remainder when 6411 is divided by 40?
11
Calculate the remainder when 34516 is divided by 987.
958
What is the remainder when 19137 is divided by 238?
97
Calculate the remainder when 346992 is divided by 48.
0
What is the remainder when 21117 is divided by 33?
30
What is the remainder when 6841 is divided by 67?
7
Calculate the remainder when 5161 is divided by 17.
10
What is the remainder when 30382 is divided by 18?
16
What is the remainder when 2766 is divided by 227?
42
Calculate the remainder when 1021790 is divided by 74.
72
What is the remainder when 1527948 is divided by 19?
6
What is the remainder when 292407 is divided by 30?
27
Calculate the remainder when 528 is divided by 8.
0
What is the remainder when 327 is divided by 119?
89
What is the remainder when 41529 is divided by 630?
579
Calculate the remainder when 5064 is divided by 4970.
94
Calculate the remainder when 5383 is divided by 5294.
89
What is the remainder when 4531 is divided by 646?
9
What is the remainder when 734419 is divided by 26229?
7
Calculate the remainder when 6090 is divided by 276.
18
What is the remainder when 102610 is divided by 54?
10
What is the remainder when 9341 is divided by 32?
29
What is the remainder when 262373 is divided by 83?
10
What is the remainder when 4982 is divided by 4836?
146
Calculate the remainder when 6457 is divided by 1146.
727
What is the remainder when 36734 is divided by 391?
371
Calculate the remainder when 27236 is divided by 51.
2
What is the remainder when 3376 is divided by 314?
236
What is the remainder when 2937 is divided by 28?
25
What is the remainder when 3858 is divided by 1288?
1282
Calculate the remainder when 1500308 is divided by 181.
180
Calculate the remainder when 59890 is divided by 560.
530
Calculate the remainder when 234236 is divided by 1001.
2
Calculate the remainder when 253184 is divided by 70.
64
Calculate the remainder when 789 is divided by 225.
114
What is the remainder when 30921 is divided by 644?
9
Calculate the remainder when 185 is divided by 166.
19
Calculate the remainder when 3943 is divided by 116.
115
Calculate the remainder when 15346 is divided by 7426.
494
Calculate the remainder when 229062 is divided by 229061.
1
What is the remainder when 270006 is divided by 403?
399
Calculate the remainder when 166219 is divided by 55.
9
Calculate the remainder when 9192 is divided by 179.
63
What is the remainder when 117414 is divided by 39134?
12
Calculate the remainder when 227602 is divided by 22759.
12
What is the remainder when 379812 is divided by 529?
519
What is the remainder when 208561 is divided by 52135?
21
What is the remainder when 12078 is divided by 381?
267
What is the remainder when 34198 is divided by 25?
23
Calculate the remainder when 462679 is divided by 105.
49
Calculate the remainder when 27492 is divided by 13.
10
Calculate the remainder when 508261 is divided by 2.
1
Calculate the remainder when 23251 is divided by 69.
67
What is the remainder when 204972 is divided by 154?
152
What is the remainder when 65914 is divided by 335?
254
Calculate the remainder when 1107735 is divided by 82.
79
What is the remainder when 5749 is divided by 818?
23
Calculate the remainder when 22778 is divided by 1752.
2
Calculate the remainder when 992 is divided by 129.
89
Calculate the remainder when 27790 is divided by 96.
46
What is the remainder when 8333 is divided by 847?
710
What is the remainder when 142753 is divided by 15?
13
What is the remainder when 9785 is divided by 2437?
37
What is the remainder when 340105 is divided by 21?
10
What is the remainder when 1953554 is divided by 58?
56
Calculate the remainder when 1531542 is divided by 489.
483
Calculate the remainder when 60355 is divided by 82.
3
What is the remainder when 1506281 is divided by 26?
23
What is the remainder when 4302 is divided by 12?
6
What is the remainder when 16690 is divided by 51?
13
Calculate the remainder when 49871 is divided by 37.
32
What is the remainder when 93583 is divided by 16?
15
Calculate the remainder when 27840 is divided by 1121.
936
What is the remainder when 2587051 is divided by 5624?
11
Calculate the remainder when 24690 is divided by 9.
3
Calculate the remainder when 28656 is divided by 51.
45
What is the remainder when 1621 is divided by 1586?
35
Calculate the remainder when 437513 is divided by 462.
461
What is the remainder when 7385 is divided by 3639?
107
Calculate the remainder when 237192 is divided by 104.
72
What is the remainder when 58395 is divided by 157?
148
Calculate the remainder when 28750 is divided by 54.
22
Calculate the remainder when 293935 is divided by 828.
823
Calculate the remainder when 151942 is divided by 180.
22
What is the remainder when 1361 is divided by 438?
47
What is the remainder when 10519 is divided by 5258?
3
Calculate the remainder when 7359 is divided by 1563.
1107
Calculate the remainder when 1426 is divided by 1406.
20
Calculate the remainder when 870 is divided by 1.
0
Calculate the remainder when 3373 is divided by 172.
105
What is the remainder when 52745 is divided by 298?
297
Calculate the remainder when 73779 is divided by 480.
339
What is the remainder when 193 is divided by 169?
24
What is the remainder when 7039 is divided by 6873?
166
Calculate the remainder when 2302 is divided by 140.
62
What is the remainder when 19878 is divided by 292?
22
What is the remainder when 22627 is divided by 280?
227
What is the remainder when 20679 is divided by 94?
93
Calculate the remainder when 4128273 is divided by 925.
923
What is the remainder when 172871 is divided by 61?
58
Calculate the remainder when 9027 is divided by 1260.
207
What is the remainder when 23523 is divided by 341?
335
What is the remainder when 16745 is divided by 5578?
11
What is the remainder when 1915 is divided by 373?
50
Calculate the remainder when 79858 is divided by 363.
361
Calculate the remainder when 37319 is divided by 762.
743
Calculate the remainder when 6074 is divided by 6063.
11
Calculate the remainder when 10352 is divided by 1360.
832
What is the remainder when 138115 is divided by 120?
115
Calculate the remainder when 2045 is divided by 20.
5
Calculate the remainder when 26417 is divided by 3828.
3449
What is the remainder when 3540 is divided by 3168?
372
What is the remainder when 4550 is divided by 62?
24
What is the remainder when 473225 is divided by 78869?
11
What is the remainder when 2697 is divided by 889?
30
Calculate the remainder when 19045 is divided by 9369.
307
Calculate the remainder when 351224 is divided by 9.
8
Calculate the remainder when 25676 is divided by 352.
332
What is the remainder when 1490 is divided by 71?
70
What is the remainder when 1324519 is divided by 561?
559
What is the remainder when 291 is divided by 103?
85
Calculate the remainder when 954486 is divided by 33.
27
Calculate the remainder when 87129 is divided by 7257.
45
Calculate the remainder when 4395 is divided by 438.
15
Calculate the remainder when 1851959 is divided by 822.
815
Calculate the remainder when 10280 is divided by 18.
2
Calculate the remainder when 20404 is divided by 38.
36
What is the remainder when 13986 is divided by 6899?
188
What is the remainder when 8755 is divided by 4356?
43
What is the remainder when 80752 is divided by 7341?
1
What is the remai